f 95819?
9
What is the hundred thousands digit of 729031?
7
What is the tens digit of 1034266?
6
What is the thousands digit of 216325?
6
What is the thousands digit of 314471?
4
What is the ten thousands digit of 24130644?
3
What is the hundred thousands digit of 337295?
3
What is the units digit of 143550?
0
What is the tens digit of 1359?
5
What is the units digit of 28469887?
7
What is the thousands digit of 460624?
0
What is the tens digit of 5753641?
4
What is the hundred thousands digit of 396121?
3
What is the hundred thousands digit of 804516?
8
What is the thousands digit of 516736?
6
What is the millions digit of 16847047?
6
What is the tens digit of 260242?
4
What is the ten thousands digit of 4991767?
9
What is the hundreds digit of 8602247?
2
What is the hundreds digit of 8564818?
8
What is the hundred thousands digit of 111358?
1
What is the thousands digit of 683649?
3
What is the units digit of 204672?
2
What is the hundred thousands digit of 32172237?
1
What is the thousands digit of 540928?
0
What is the hundred thousands digit of 152672?
1
What is the millions digit of 1807871?
1
What is the hundred thousands digit of 704586?
7
What is the ten thousands digit of 2831071?
3
What is the hundred thousands digit of 1433051?
4
What is the tens digit of 256275?
7
What is the tens digit of 861984?
8
What is the tens digit of 167141?
4
What is the units digit of 12119018?
8
What is the ten thousands digit of 191039?
9
What is the tens digit of 4643064?
6
What is the hundreds digit of 11253715?
7
What is the tens digit of 90838?
3
What is the hundred thousands digit of 33651740?
6
What is the units digit of 4780346?
6
What is the units digit of 3413919?
9
What is the thousands digit of 18452406?
2
What is the hundreds digit of 1078978?
9
What is the ten thousands digit of 360559?
6
What is the thousands digit of 453318?
3
What is the ten thousands digit of 3278170?
7
What is the ten thousands digit of 1391895?
9
What is the thousands digit of 1815850?
5
What is the hundreds digit of 240893?
8
What is the units digit of 627294?
4
What is the tens digit of 9810958?
5
What is the millions digit of 8920447?
8
What is the thousands digit of 1288266?
8
What is the units digit of 556864?
4
What is the hundred thousands digit of 566220?
5
What is the tens digit of 872872?
7
What is the millions digit of 1127475?
1
What is the hundred thousands digit of 1281087?
2
What is the units digit of 168670?
0
What is the thousands digit of 3494186?
4
What is the tens digit of 123926?
2
What is the thousands digit of 785225?
5
What is the hundreds digit of 4144761?
7
What is the tens digit of 601572?
7
What is the ten thousands digit of 307797?
0
What is the ten thousands digit of 3476926?
7
What is the tens digit of 4442379?
7
What is the tens digit of 2778040?
4
What is the millions digit of 3574100?
3
What is the hundreds digit of 10213251?
2
What is the units digit of 477378?
8
What is the ten thousands digit of 610613?
1
What is the hundred thousands digit of 14878430?
8
What is the units digit of 11831085?
5
What is the units digit of 1295315?
5
What is the hundred thousands digit of 22588998?
5
What is the hundreds digit of 3735768?
7
What is the units digit of 17220155?
5
What is the millions digit of 5094774?
5
What is the thousands digit of 427809?
7
What is the units digit of 1173136?
6
What is the hundred thousands digit of 4511432?
5
What is the hundreds digit of 4020451?
4
What is the ten thousands digit of 191650?
9
What is the hundred thousands digit of 4345076?
3
What is the tens digit of 277048?
4
What is the hundreds digit of 4406934?
9
What is the ten thousands digit of 1453934?
5
What is the millions digit of 2074355?
2
What is the tens digit of 4047637?
3
What is the hundreds digit of 225413?
4
What is the ten thousands digit of 5022783?
2
What is the thousands digit of 637910?
7
What is the hundreds digit of 3979630?
6
What is the millions digit of 3572846?
3
What is the thousands digit of 2321121?
1
What is the hundred thousands digit of 849121?
8
What is the hundreds digit of 347090?
0
What is the thousands digit of 2130200?
0
What is the hundreds digit of 67761?
7
What is the ten millions digit of 30700202?
3
What is the tens digit of 499964?
6
What is the hundreds digit of 1218343?
3
What is the ten thousands digit of 34355?
3
What is the hundreds digit of 279888?
8
What is the hundred thousands digit of 25252519?
2
What is the units digit of 289619?
9
What is the millions digit of 1639715?
1
What is the hundreds digit of 257126?
1
What is the tens digit of 177597?
9
What is the tens digit of 310939?
3
What is the ten thousands digit of 191092?
9
What is the millions digit of 15281535?
5
What is the tens digit of 1531801?
0
What is the ten thousands digit of 3514059?
1
What is the hundreds digit of 511003?
0
What is the hundreds digit of 3488?
4
What is the millions digit of 36037388?
6
What is the tens digit of 16689936?
3
What is the thousands digit of 8228707?
8
What is the thousands digit of 2801859?
1
What is the thousands digit of 1524097?
4
What is the thousands digit of 388120?
8
What is the millions digit of 3202761?
3
What is the ten thousands digit of 69211?
6
What is the hundreds digit of 275944?
9
What is the hundred thousands digit of 164874?
1
What is the ten thousands digit of 1784293?
8
What is the hundreds digit of 1329119?
1
What is the hundreds digit of 299815?
8
What is the units digit of 1323315?
5
What is the thousands digit of 48586?
8
What is the tens digit of 1215789?
8
What is the ten thousands digit of 545714?
4
What is the units digit of 7257426?
6
What is the thousands digit of 29098374?
8
What is the ten thousands digit of 87744?
8
What is the ten thousands digit of 175058?
7
What is the units digit of 11086988?
8
What is the tens digit of 1524629?
2
What is the thousands digit of 13904128?
4
What is the hundred thousands digit of 266509?
2
What is the thousands digit of 1249286?
9
What is the hundred thousands digit of 216826?
2
What is the hundred thousands digit of 11615564?
6
What is the millions digit of 2170638?
2
What is the millions digit of 1648025?
1
What is the tens digit of 504058?
5
What is the units digit of 500681?
1
What is the ten thousands digit of 377715?
7
What is the units digit of 3311726?
6
What is the millions digit of 18649905?
8
What is the units digit of 350885?
5
What is the tens digit of 15475935?
3
What is the thousands digit of 43265929?
5
What is the tens digit of 1307857?
5
What is the units digit of 264722?
2
What is the units digit of 920004?
4
What is the units digit of 12474065?
5
What is the millions digit of 3309325?
3
What is the millions digit of 1540244?
1
What is the ten thousands digit of 323820?
2
What is the hundred thousands digit of 3392704?
3
What is the hundred thousands digit of 620481?
6
What is the ten thousands digit of 1301539?
0
What is the tens digit of 2525404?
0
What is the hundreds digit of 26449627?
6
What is the tens digit of 607425?
2
What is the ten thousands digit of 4613702?
1
What is the thousands digit of 1414501?
4
What is the ten thousands digit of 71630?
7
What is the hundreds digit of 4480751?
7
What is the units digit of 5164153?
3
What is the ten thousands digit of 164003?
6
What is the millions digit of 8992287?
8
What is the ten thousands digit of 12017161?
1
What is the millions digit of 17107106?
7
What is the hundreds digit of 23852746?
7
What is the tens digit of 12071484?
8
What is the hundreds digit of 9642263?
2
What is the units digit of 859091?
1
What is the hundred thousands digit of 715738?
7
What is the hundred thousands digit of 2005866?
0
What is the millions digit of 1082109?
1
What is the hundreds digit of 25447200?
2
What is the hundreds digit of 155532?
5
What is the hundred thousands digit of 1117081?
1
What is the tens digit of 18590?
9
What is the hundred thousands digit of 19299393?
2
What is the hundreds digit of 6763285?
2
What is the ten thousands digit of 294868?
9
What is the ten thousands digit of 6759421?
5
What is the ten thousands digit of 19826848?
2
What is the millions digit of 1235608?
1
What is the ten thousands digit of 15099731?
9
What is the units digit of 411309?
9
What is th